00?
40
Let h = 3 + 327. Let m(x) = x**3 - 23*x**2 - 24*x + 60. Let l be m(24). What is the highest common factor of h and l?
30
Suppose -5*p + 380 = 3*k, 122 = -3*k + 4*k + 4*p. Let n be (-6444)/(-62) + 7/(-217)*-2. Calculate the greatest common factor of n and k.
26
Let l be 0 + 24/4 + (19 - 12). Let d be 2/11 + (-2715)/(-11). What is the greatest common divisor of d and l?
13
Suppose -214 = -3*p + 254. Suppose -5*x - 3*n + 213 = 0, 18*x = 15*x - 5*n + 99. Calculate the highest common factor of x and p.
12
Let n = 524 - 518. Suppose -n*r - 64*r = -1260. Calculate the highest common divisor of 8 and r.
2
Let a = -251 - -236. Let o be 45/9*(-36)/a. What is the greatest common divisor of o and 4?
4
Let x = 6745 - 6728. Calculate the highest common divisor of x and 2941.
17
Suppose -7*n = -9*n + 64. Let t = 160 - 161. Let c be (1 - (t - -1)) + (-95)/(-1). What is the highest common factor of c and n?
32
Let t(l) = 89*l - 23*l - 10 + 69*l. Let h be t(5). Suppose 2*v = -5*p + h, -5*v + 112 - 542 = -3*p. What is the greatest common divisor of 9 and p?
9
Suppose -5*z = 15, 30 = 5*j - 3*z - 2*z. Suppose 5*c - 272 = c. Suppose -6*r + c = 14. What is the greatest common factor of r and j?
3
Let i be ((-15)/(-9) + 5)*(-4 + (-1940)/(-8)). Calculate the greatest common divisor of 30 and i.
30
Let g be 93500/(-66)*(-18)/10. What is the highest common factor of 102 and g?
102
Let o = -1447 + 1656. Suppose -10 = -2*q + 28. What is the highest common factor of o and q?
19
Suppose -n + 1215 = -3*p, 1175 + 4900 = 5*n + p. Let x = 1710 - n. Calculate the highest common divisor of 55 and x.
55
Suppose 121*v - 2340 = 76*v. Let d(w) = -4*w + 19. Let r be d(-12). Suppose -2*n + r = -5*l - 250, 467 = 3*n + l. What is the greatest common factor of n and v?
52
Let x = 7 + 11. Let f = -120 - -11. Let v = f + 127. What is the greatest common factor of v and x?
18
Let z = -21319 + 21751. Calculate the highest common divisor of 88 and z.
8
Let u(y) = 14*y**2 + 18*y - 5. Let a be u(-2). Calculate the greatest common factor of 4860 and a.
15
Let l(f) = -2*f**2 + 29*f + 23. Suppose -67*u - 120 = -75*u. Let c be l(u). What is the greatest common factor of c and 104?
8
Let w be ((-74)/(-8) - -1)/(594/2376). Suppose 2*j + 4 - 12 = 0. Suppose j*c = u + 162, -3*c - 4*u + 151 = 20. Calculate the highest common factor of c and w.
41
Let d(b) = 16*b - 130. Let n be d(8). Let v be 4/n*480*(-39)/52. Calculate the highest common divisor of v and 72.
72
Let n(k) = -313*k - 249. Let l be n(-1). Let x be ((-2)/3)/((-1)/24). What is the greatest common factor of x and l?
16
Let f = 3 + -1. Suppose 4*g - 11 = t + 12, f*g - 29 = -3*t. Let p be -77*(32/(-32) - (0 + 0)). Calculate the highest common divisor of g and p.
7
Let t = 23665 + -22475. What is the highest common factor of t and 2?
2
Let s be -59 + 67 - (0 - -635). Let t = -450 - s. Calculate the greatest common factor of t and 59.
59
Suppose -648 = -8*y - 168. Let q = 90 - y. Calculate the highest common divisor of 450 and q.
30
Suppose -2*q + 268 = x, 2*x = x - 5*q + 265. Let h = -26 + 31. Suppose -x = -h*j - 0*j. Calculate the greatest common divisor of j and 6.
6
Let q be (-240)/(-35) + (-8)/(-56). Suppose -q*h + 36 = w - 8*h, 110 = 3*w - 5*h. Calculate the highest common divisor of w and 280.
35
Suppose -2*z - 3*i = -131, 4*z + 188*i = 184*i + 248. Suppose -9*y + 8*y + 385 = 0. Calculate the highest common factor of y and z.
55
Suppose 0 = i - 2*v - 3598, 5*i - 3*v + 2*v = 17954. Suppose 5*g - 760 = i. Calculate the greatest common divisor of 30 and g.
30
Let j(t) = t**2 - 2*t - 27204. Let p be j(-164). Let z = 5 - 2. Suppose -2*m + 31 = z*h, 6*h = -4*m + h + 65. What is the highest common factor of m and p?
20
Let g = 81 - 43. Let x be 57/(-5*(-1)/15). Let y = x + -76. Calculate the highest common factor of y and g.
19
Let v be 2/3*(114 + -6). Let w = -21 - -43. Suppose -108 = w*h - 34*h. What is the greatest common factor of h and v?
9
Let n(u) = u**3 - 4*u**2 - 9*u - 16. Let b be n(6). Let r be (((-13)/(-65))/(b/70))/1. Calculate the greatest common factor of r and 112.
7
Let b = 332 - 540. Let z = -143 - b. What is the greatest common divisor of z and 26?
13
Suppose -18 = -355*b + 349*b. Suppose -80 = -5*k - b*u + 2*u, 3*k = 3*u + 66. Calculate the greatest common divisor of 289 and k.
17
Let b be (-15 + 21)*4/6. Suppose 3*p + t - 551 + 44 = 0, 0 = -4*p + b*t + 692. What is the greatest common factor of p and 34?
34
Let t(l) = 87*l - 123. Let w be t(5). Let g = 329 - w. What is the highest common factor of 187 and g?
17
Let g(a) = a**2 - 53*a - 475. Let n be g(-23). Calculate the greatest common factor of 268 and n.
67
Suppose 1276 + 3393 = 29*u. Calculate the highest common factor of u and 69.
23
Suppose 32*f = 199 + 89. Suppose -j = 5*z - f, -5*j + 7 - 2 = 5*z. What is the greatest common factor of 22 and z?
2
Let v(d) = d**3 - 33*d**2 - 522*d + 430. Let f be v(46). What is the greatest common divisor of f and 130?
26
Let z be (-32 + -1)/(-3) - 2. Suppose 5*s - 215 = -q + 6*q, -5*s + 3*q = -215. Let d = 20 + s. Calculate the greatest common divisor of d and z.
9
Let g = -17 + 58. Suppose -11*n - 55*n + 16*n + 16400 = 0. What is the highest common factor of n and g?
41
Let y be (9/(-5) - -2) + 3597/15. Let q be 87/319 - 654/(-22). Calculate the highest common divisor of y and q.
30
Let r = 4845 + -4757. Calculate the highest common factor of 2332 and r.
44
Let f = -4832 + 4907. Calculate the highest common divisor of 325 and f.
25
Suppose 2104*d = 2085*d + 266. Let v(c) = -55*c - 5. Let f be v(-9). What is the greatest common factor of d and f?
14
Let m(t) = -1 + 0*t + 0 - t - 16. Let a be m(-11). Let f be (-6)/4*(192/(-18) - a). What is the highest common divisor of 35 and f?
7
Suppose -20*h + 18*h = 4. Let k(q) = -q - 2. Let s be k(h). Suppose 2*f - 76 = -s*f. What is the highest common factor of 114 and f?
38
Let n = -19041 - -20091. Calculate the greatest common divisor of n and 150.
150
Let g(w) = w**2 - 9*w - 52. Let i be g(-7). Suppose a = 5*a - i. What is the greatest common divisor of 240 and a?
15
Suppose -132*w + 7896 + 69243 - 19059 = 0. Calculate the highest common factor of w and 280.
40
Let t(o) = 17*o - o**2 + 20 + 14 + 7*o - 2. Let n be t(13). Let j(z) = -z**3 + 5*z**2 + 3*z - 2. Let m be j(3). Calculate the highest common factor of n and m.
25
Suppose -2*y + 328 = 2*m, m - 334 = 466*y - 468*y. Calculate the highest common divisor of y and 80.
10
Suppose -3*l + 271 - 268 = 0. Calculate the highest common factor of 158 and l.
1
Suppose 21463 - 4336 = 173*i. Calculate the greatest common divisor of 1749 and i.
33
Suppose -2*f + 3*f + 6 = i, 5 = -5*f. Let j(t) = 10 + i*t - 28 + 26 + 3*t**2. Let q be j(-4). Calculate the highest common factor of q and 4.
4
Let g = -11 + 19. Suppose 43 = 5*y + t, -4 = 4*y - 2*t - 30. Suppose 34 = y*v - 62. What is the greatest common divisor of v and g?
4
Let v = 16 - -33. Suppose -u = -2*m + v, -10 = -9*u + 7*u. What is the greatest common divisor of m and 270?
27
Suppose 14*m + 124 = 3*y + 12*m, -y = m - 43. Calculate the greatest common factor of 252 and y.
42
Let l = -3124 + 3135. What is the greatest common divisor of l and 3817?
11
Let b be (161/46)/((-14)/(-8)). Suppose -b*z + 15 + 23 = 0. Calculate the greatest common factor of z and 209.
19
Let b(n) = 4*n**3 - 6*n + 4. Let d be b(3). Suppose f - 335 = -c, -4*c = 48*f - 47*f - 353. What is the greatest common divisor of f and d?
47
Let m(k) = k**2 - 6*k + 9. Let q be m(6). Suppose -38*p = 111*p - 31*p - 4248. Calculate the highest common divisor of p and q.
9
Let d = -1682 + 2192. Calculate the greatest common divisor of d and 289.
17
Suppose -4*m - 32 = -12*m. Suppose -m*r - h - 20 = h, h = r + 5. Let d(w) = -4*w - 12. Let o be d(r). Calculate the greatest common divisor of 104 and o.
8
Let m(u) = 9*u**2 - 91*u + 339. Let z be m(3). Calculate the greatest common divisor of z and 16023.
147
Let i = 35 - -5. Let v = -74 - -32. Let n = -32 - v. What is the highest common divisor of i and n?
10
Let n(i) = i**3 - 10*i**2 + 8*i + 18. Let z(v) = v**3 + 24*v**2 - 21*v + 110. Let a be z(-25). Let c be n(a). Calculate the highest common factor of c and 588.
98
Let p = 1227 - 601. Let f = 749 - p. What is the highest common divis